t is the units digit of 2284392?
2
What is the hundreds digit of 164352?
3
What is the thousands digit of 1983957?
3
What is the tens digit of 593779?
7
What is the thousands digit of 722357?
2
What is the tens digit of 1717034?
3
What is the hundred thousands digit of 1856848?
8
What is the units digit of 1742417?
7
What is the units digit of 6862078?
8
What is the ten thousands digit of 576430?
7
What is the ten thousands digit of 381376?
8
What is the tens digit of 19135195?
9
What is the tens digit of 1059709?
0
What is the hundreds digit of 1071587?
5
What is the hundred thousands digit of 20573733?
5
What is the units digit of 44448?
8
What is the millions digit of 3131850?
3
What is the hundreds digit of 3431501?
5
What is the hundred thousands digit of 251921?
2
What is the ten thousands digit of 5750883?
5
What is the thousands digit of 2313133?
3
What is the millions digit of 1691794?
1
What is the hundreds digit of 780207?
2
What is the millions digit of 12187536?
2
What is the millions digit of 1557601?
1
What is the units digit of 15136721?
1
What is the units digit of 2593810?
0
What is the hundred thousands digit of 1993058?
9
What is the thousands digit of 411193?
1
What is the millions digit of 7315694?
7
What is the hundred thousands digit of 2174727?
1
What is the units digit of 176351?
1
What is the hundred thousands digit of 448324?
4
What is the hundreds digit of 11073559?
5
What is the hundred thousands digit of 351508?
3
What is the tens digit of 11958459?
5
What is the units digit of 941488?
8
What is the thousands digit of 1249594?
9
What is the hundred thousands digit of 2398642?
3
What is the units digit of 230199?
9
What is the thousands digit of 2461975?
1
What is the hundred thousands digit of 283803?
2
What is the units digit of 4029849?
9
What is the ten thousands digit of 102473?
0
What is the thousands digit of 987299?
7
What is the tens digit of 569945?
4
What is the millions digit of 23319870?
3
What is the tens digit of 114325?
2
What is the tens digit of 396037?
3
What is the ten thousands digit of 17673651?
7
What is the hundreds digit of 724458?
4
What is the units digit of 12978724?
4
What is the ten thousands digit of 7965079?
6
What is the hundreds digit of 356098?
0
What is the thousands digit of 247540?
7
What is the units digit of 7039661?
1
What is the tens digit of 285659?
5
What is the hundreds digit of 4861122?
1
What is the tens digit of 42122795?
9
What is the ten thousands digit of 141953?
4
What is the millions digit of 1641327?
1
What is the ten thousands digit of 7576638?
7
What is the tens digit of 351154?
5
What is the tens digit of 7946855?
5
What is the tens digit of 576824?
2
What is the thousands digit of 18498140?
8
What is the hundreds digit of 7350502?
5
What is the hundred thousands digit of 8681307?
6
What is the millions digit of 1542200?
1
What is the thousands digit of 2304610?
4
What is the tens digit of 1467739?
3
What is the hundred thousands digit of 18085270?
0
What is the tens digit of 118845?
4
What is the thousands digit of 1467417?
7
What is the units digit of 594437?
7
What is the units digit of 4707887?
7
What is the tens digit of 836341?
4
What is the hundred thousands digit of 287906?
2
What is the ten thousands digit of 1029224?
2
What is the units digit of 1158247?
7
What is the hundreds digit of 365144?
1
What is the hundred thousands digit of 18243959?
2
What is the units digit of 36544?
4
What is the hundreds digit of 178475?
4
What is the units digit of 45841?
1
What is the hundred thousands digit of 1532460?
5
What is the units digit of 264127?
7
What is the units digit of 8266815?
5
What is the ten thousands digit of 380342?
8
What is the thousands digit of 329836?
9
What is the thousands digit of 2417859?
7
What is the ten thousands digit of 215129?
1
What is the ten millions digit of 13038818?
1
What is the thousands digit of 419325?
9
What is the ten thousands digit of 379943?
7
What is the tens digit of 66382?
8
What is the millions digit of 4549400?
4
What is the units digit of 855481?
1
What is the units digit of 46387?
7
What is the hundred thousands digit of 917571?
9
What is the thousands digit of 843697?
3
What is the hundreds digit of 16672?
6
What is the millions digit of 7938291?
7
What is the thousands digit of 1995711?
5
What is the millions digit of 1886124?
1
What is the ten thousands digit of 635683?
3
What is the thousands digit of 21214825?
4
What is the hundred thousands digit of 18510448?
5
What is the tens digit of 636370?
7
What is the units digit of 272000?
0
What is the thousands digit of 7172?
7
What is the ten thousands digit of 21928?
2
What is the ten thousands digit of 1671736?
7
What is the thousands digit of 2388546?
8
What is the thousands digit of 1577700?
7
What is the ten thousands digit of 61662?
6
What is the thousands digit of 84856?
4
What is the millions digit of 1400665?
1
What is the thousands digit of 210011?
0
What is the hundreds digit of 6618571?
5
What is the millions digit of 16846059?
6
What is the hundreds digit of 280522?
5
What is the hundred thousands digit of 1858861?
8
What is the tens digit of 4834864?
6
What is the tens digit of 307003?
0
What is the hundreds digit of 3237991?
9
What is the ten millions digit of 16063180?
1
What is the hundreds digit of 19856482?
4
What is the thousands digit of 250826?
0
What is the ten thousands digit of 1117999?
1
What is the thousands digit of 11948123?
8
What is the units digit of 2364460?
0
What is the hundreds digit of 16558865?
8
What is the units digit of 30440037?
7
What is the units digit of 1009178?
8
What is the millions digit of 5333002?
5
What is the ten thousands digit of 1900158?
0
What is the tens digit of 2576957?
5
What is the hundreds digit of 1068348?
3
What is the millions digit of 3365102?
3
What is the tens digit of 213217?
1
What is the millions digit of 10366751?
0
What is the millions digit of 1290970?
1
What is the hundred thousands digit of 1585743?
5
What is the ten thousands digit of 271003?
7
What is the tens digit of 1569278?
7
What is the units digit of 598808?
8
What is the tens digit of 3072774?
7
What is the ten thousands digit of 168153?
6
What is the units digit of 4248553?
3
What is the hundreds digit of 1397053?
0
What is the units digit of 397452?
2
What is the hundreds digit of 352504?
5
What is the ten thousands digit of 591696?
9
What is the hundred thousands digit of 1461166?
4
What is the tens digit of 260145?
4
What is the hundred thousands digit of 1726526?
7
What is the tens digit of 8496069?
6
What is the hundreds digit of 9019435?
4
What is the thousands digit of 3486464?
6
What is the tens digit of 5446381?
8
What is the tens digit of 556120?
2
What is the tens digit of 647644?
4
What is the units digit of 692959?
9
What is the units digit of 264550?
0
What is the millions digit of 6724886?
6
What is the ten thousands digit of 3585632?
8
What is the hundred thousands digit of 3698569?
6
What is the units digit of 7160369?
9
What is the units digit of 352805?
5
What is the hundreds digit of 22658729?
7
What is the ten millions digit of 14929230?
1
What is the tens digit of 568131?
3
What is the millions digit of 12330771?
2
What is the hundred thousands digit of 1223638?
2
What is the thousands digit of 608596?
8
What is the hundreds digit of 3087282?
2
What is the units digit of 180082?
2
What is the units digit of 249950?
0
What is the millions digit of 1716903?
1
What is the ten thousands digit of 37901?
3
What is the hundred thousands digit of 32164709?
1
What is the tens digit of 81995?
9
What is the hundred thousands digit of 237999?
2
What is the units digit of 59124?
4
What is the ten thousands digit of 8299756?
9
What is the millions digit of 4670660?
4
What is the thousands digit of 617894?
7
What is the hundred thousands digit of 4151515?
1
What is the units digit of 20932803?
3
What is the tens digit of 8094052?
5
What is the hundred thousands digit of 611796?
6
What is the tens digit of 2151120?
2
What is the thousands digit of 480112?
0
What is the hundred thousands digit of 8528964?
5
What is the hundreds digit of 209748?
7
What is the units digit of 697609?
9
What is the hundred thousands 